ded by q(-7).
0
Suppose 2*p - 700 = -4*m, -5*p + m + 2394 = 666. Calculate the remainder when 348 is divided by p.
2
Let d(r) = -2*r**2 + 14*r + 13. Let t be d(6). Suppose 400 + 700 = t*m. What is the remainder when 183 is divided by m?
7
Let h(k) = 250*k + 3809. What is the remainder when 2238 is divided by h(-15)?
55
Let d be 9/54*0 + (-8)/2. Let b = 29 + -26. What is the remainder when (d/(-8))/((-50)/(-12) - 4) is divided by b?
0
Let o(s) = 6*s**2 + 6*s + 8. Suppose 209 = 5*c - 6. Let g = 41 - c. What is the remainder when o(g) is divided by 11?
9
Calculate the remainder when ((-56)/(-32))/((1/22*-1)/(-46)) is divided by 196.
7
Let n(z) = 99*z + 45. Calculate the remainder when n(0) is divided by 8.
5
Suppose u = -2*l + 157, 0 = u - 5*l - 171 + 14. Let w = u - 140. Calculate the remainder when 148 is divided by w.
12
Let d = 2198 + -567. Calculate the remainder when d is divided by 18.
11
Suppose 39*z - 23*z - 80 = 0. Suppose 2*f = -2*w + f + 124, w - 71 = -z*f. Calculate the remainder when 730 is divided by w.
59
Suppose x = -5*q + 411 - 272, 3*q = -9. What is the remainder when x is divided by 65?
24
Suppose 10 = 2*r - 0. Suppose -r*d + 41*d = 1728. Calculate the remainder when 143 is divided by d.
47
Suppose -39*r + 76 = -35*r. Suppose 0 = -r*t + 1171 + 292. What is the remainder when t is divided by 30?
17
Let g = 10785 - 10720. What is the remainder when g is divided by 39?
26
Suppose i - 276 = -5*u - 111, 3*u = -3*i + 555. What is the remainder when 327 is divided by i?
137
Suppose -5*d = -4*c - 7*d + 4, c = d - 5. Calculate the remainder when 41 is divided by (c/3)/(-2 - 245/(-126)).
5
Suppose -144*z + 119*z = -600. What is the remainder when 166 is divided by z?
22
Suppose -2*t - 1121 = -10*v + 5*v, -217 = -v - 2*t. Calculate the remainder when v is divided by 76.
71
Suppose 0 = 133*n - 112*n - 17892. Let m = n - 665. Calculate the remainder when m is divided by 52.
31
Let k be (1 + -2)*-1*128. Suppose 5*i = -1017 - k. Let j = -136 - i. Calculate the remainder when j is divided by 24.
21
Let j(q) = 12*q**3 - 2*q**2 + 1. Let s be (-1)/(40630/5805 + -7). Let g = s + -1077. Calculate the remainder when g is divided by j(1).
7
Let t be (-3 + (-96)/(-30))*20. Suppose 150 + 422 = t*n. What is the remainder when n is divided by 51?
41
What is the remainder when 362 is divided by 3/(-3*(980/(-75) - -13))?
2
Let c = -769 - -892. Suppose 4*a - 77 - 159 = -v, -2*v = -4*a - 484. Calculate the remainder when v is divided by c.
117
Let s = 10032 - 9851. Calculate the remainder when 515 is divided by s.
153
Calculate the remainder when 904 is divided by 30/(-70)*7 + (-1)/(3/(-471)).
134
Let d be 0 + -93 - (-363 + 352). Let j(u) = u**3 - u**2 + u - 3. Let s be j(5). Let m = s + d. Calculate the remainder when 77 is divided by m.
17
Let k be (312/(-30) - -10)/(1/(-6635)). Suppose 754 + k = 48*c. Calculate the remainder when c is divided by (0 - 0) + -1 + 13.
11
Suppose -2*d - 4*u + 3*u + 60 = 0, 3*u + 12 = 0. Let g = -19540 + 19552. What is the remainder when d is divided by g?
8
Let f(j) be the third derivative of -j**4/12 - 4*j**3/3 - 6*j**2 - j. Suppose -2*v + 68 = -70. Calculate the remainder when v is divided by f(-7).
3
Let c(n) = -n - 136. Let v be c(-30). Let h = v - -118. Let d = 125 - 68. What is the remainder when d is divided by h?
9
Let w = 149 - 149. Let a(y) = -y**2 - 1. Let l(t) = -t**3 + 2*t**2 - 2*t + 21. Let u(r) = 4*a(r) + l(r). What is the remainder when 46 is divided by u(w)?
12
What is the remainder when -3 - (-11)/((-55)/(-375)) is divided by (20/(-6))/((-9 - -21)/(-216))?
12
Let g(u) = 2*u**2 + 27*u + 70. Let k be g(-8). What is the remainder when 77 is divided by (2 + 9/k)*2?
2
Calculate the remainder when (-41679)/(-63) - 6/(-14) is divided by 31.
11
Suppose -5*y + 1300 = 845*u - 841*u, -4*u = -4*y + 1004. What is the remainder when 880 is divided by y?
112
Let u(v) = 486 - 937 + v**2 + 39*v + 474. What is the remainder when u(-39) is divided by 3?
2
Let a = 4858 + -4846. What is the remainder when 47577 is divided by a?
9
Suppose -42 - 12 = -9*k. Suppose 4*s - k = 2. Let j(a) = 20*a + 17. What is the remainder when j(s) is divided by 25?
7
Suppose -4*r + 41 = -4*k - 87, 0 = 2*r - 5*k - 67. What is the remainder when 1208 is divided by r?
30
Let z = 6668 - 6485. What is the remainder when 930 is divided by z?
15
Let k be 14/((-9)/(-2) + -5). Calculate the remainder when 48 is divided by ((-2)/(-5))/(k/(-910)).
9
Suppose -1098 = -9*l - 9*l. Suppose -3*y + 7*t = 8*t - 145, 0 = 5*y - 3*t - 237. What is the remainder when l is divided by y?
13
Let q be (-3 - (-22)/6)/((-11)/(-1980)). Suppose -q*b + 127*b - 56 = 0. What is the remainder when 253 is divided by b?
5
Suppose -2380 = -38*x - 11*x - 21*x. Calculate the remainder when x is divided by 24.
10
Let l(p) = -309*p + 1913. What is the remainder when 228 is divided by l(6)?
51
Suppose -4*u - 93 = -4*r - 9*u, 4*u = 2*r - 14. Suppose 7 - r = -v. Calculate the remainder when 28 is divided by v.
8
Let f = -2 - 4. Let s(d) = d**2 - d + 4. Let o be s(f). Suppose 0 = 4*k + 2*p - o, 2*p + 14 - 69 = -5*k. Calculate the remainder when 60 is divided by k.
6
Suppose -5*z = -6*z + 3. Suppose -2*i - 5*x + 61 = 0, 164 = z*i + 2*i + x. What is the remainder when 195 is divided by i?
30
Let o(l) = -9577*l + 134098. What is the remainder when (-27)/6*(-76)/6 is divided by o(14)?
17
Suppose -793*b = -366*b - 19905886. Calculate the remainder when b is divided by 90.
88
Let r = -49 - -80. What is the remainder when 246 + (-5 - -5)*(-3)/6 is divided by r?
29
Calculate the remainder when -1 - (-46 - -1)*1 is divided by 8/5 + (81/45)/(10/80).
12
Suppose 0 = -16*z + 1091 + 1117. Let c = 61 - 13. Let w = z - c. Calculate the remainder when w is divided by 23.
21
Let t be 152/(-36) + 4 + 897/27. Suppose -11*s - 66 = -t*s. What is the remainder when 57 is divided by s?
0
Suppose -5*j - 16 = 2*o, 5*o = -5*j - 6 - 4. Suppose 25803*g - 25800*g + 4*m = 153, 4*m = -24. What is the remainder when g is divided by (o/1 - 0) + 30?
27
Let n(d) = -27*d + 1211. What is the remainder when n(41) is divided by 89?
15
Suppose -4*y + 3*r = -218, 256 = -2*y - 2*r + 372. Calculate the remainder when 69 is divided by y.
13
Let w be 0/((-77)/(-22)*(-4)/(-7)). Suppose w = c - 18*c + 238. What is the remainder when 25 is divided by c?
11
Let g(q) = 2221 + q + 10*q**2 + 0*q + 0*q - 2227. Calculate the remainder when g(-2) is divided by 6.
2
Let g(b) = b**3 + 20*b**2 + 71*b + 209. Calculate the remainder when 571 is divided by g(-16).
86
Let h(g) = g**2 - 9*g + 5. Suppose -u = -5*q + 10 - 13, -11*u - 3*q = -207. Calculate the remainder when h(-8) is divided by u.
15
Suppose 32*u = 2911 + 2081. Suppose 14*k + 560 = 28*k. Calculate the remainder when u is divided by k.
36
Let l = 16085 + -10369. What is the remainder when l is divided by 55?
51
Suppose b + 3 - 71 = 0. Calculate the remainder when b is divided by ((-5)/(-4))/((-180)/(-5040)).
33
Suppose 145*o - 4048 = 6598 + 2694. Calculate the remainder when o is divided by 9.
2
Let j be ((-3)/15)/(3/(-60)) - 19. Let p(l) = 12*l + 192. What is the remainder when 645 is divided by p(j)?
9
Suppose -5*d + 60 = 2*c - 4*c, -9 = -d + c. Suppose 0 = 260*u - 605*u - 212*u + 18938. Calculate the remainder when u is divided by d.
6
Suppose 2*a - 3*r - 12 = 44, 5*a + 2*r = 140. Let g(i) = -2*i**3 - 7*i**2 - 10*i - 16. Calculate the remainder when g(-5) is divided by a.
25
Suppose 306530 = 74*v + 206925 - 333369. Calculate the remainder when v is divided by 133.
132
Suppose 7*w + 5 = 6*w, -2*w - 25 = -3*o. What is the remainder when 923 is divided by 28 + (o - 9) + 9?
32
Let m be 1 + 14/(-10) + 600/250. Suppose -23 = -4*a - 3*o, -2*a + 0*o + 22 = -m*o. What is the remainder when 13 is divided by a?
5
Suppose 2*s - 5*j - 635 = 0, -3*s - 30 = -5*j - 995. Calculate the remainder when s is divided by 43.
29
Let m(j) = 2*j**3 + 4*j**2 - 2*j - 4. Let a be m(-5). Let v = a - -215. Suppose -111*n + 5338 = 111*n - 212. What is the remainder when v is divided by n?
21
What is the remainder when 157 is divided by (-9090)/(-105) - 3/(84/16)?
71
Let u be (-6)/1 + (0 - -16). Suppose -160 + 2150 = u*z. What is the remainder when z is divided by 52?
43
Let t(w) = -w**2 - 21*w - 8. Let j be t(-20). S